*z**4 + 0 + a*z**3 + 6*z**2 + 1/10*z**5 + 0*z - 1/120*z**6. What is h(6)?
-10
Suppose 4 = -h + 1. Let n(g) be the first derivative of g**4/4 + g**3 + 2*g**2 + g + 23. Give n(h).
-11
Let y(x) = x**2 + 10*x + 8. Let p(c) = 4*c + 97. Let g be p(-27). Calculate y(g).
19
Let i be (0 + -1)/((-2)/10). Suppose 15 + 0 = i*k. Let a(n) = 2*n - 3*n**3 + n + 0*n**3 + 2*n**3 - k*n**2. What is a(2)?
-14
Suppose 4*s - 6 = -2*k, 6*k - 3*k = 2*s + 17. Let a(t) be the third derivative of 0*t - 1/60*t**5 + 3*t**2 + 1/24*t**4 + 1/40*t**6 + 1/6*t**3 + 0. Give a(s).
-4
Let q(z) = z**3 - 6*z**2 + z + 2. Suppose 5*o - 11 = -1. Suppose 5*k = -5, o*m + 2*k - 15 = 5*k. Determine q(m).
8
Suppose -m - 15 = -4*m. Suppose -3*k + 8 = -r, k + 12 = -r + m*k. Suppose 2*u - 2*c = 7*u + 22, 0 = r*u - 4*c + 12. Let n(q) = 2*q + 5. Determine n(u).
-3
Let r(q) = q**2 + 5*q - 2. Let n(g) = -10*g - 54. Let u be n(-5). What is r(u)?
-6
Let r be (1 - 7)*16/(-6). Suppose -a = -5*a + r. Let w(v) = -642*v**2 - v - 1. Let u(n) = -1445*n**2 - n - 2. Let p(i) = 4*u(i) - 9*w(i). Determine p(a).
-11
Let u be (-65)/4 + 9/36. Let t = -16 - u. Suppose t*a = -2*a + 8. Let l(x) = -x + 2. What is l(a)?
-2
Let g(f) = f**3 + 5*f**2 + 2*f + 1. Let j(o) = o**2 - 12*o - 4. Let b(x) = x**2 - 12*x - 1. Let l be b(13). Let t be j(l). Give g(t).
9
Let v(p) = -9*p**2 - 105*p + 15. Let i(j) = -4*j**2 - 49*j + 8. Let c(a) = -13*i(a) + 6*v(a). What is c(6)?
-44
Let y(t) = -t - 33. Let b(o) = 7. Let i(f) = 5*b(f) + y(f). Give i(-6).
8
Let y(w) = -w - 3. Let h be (-1 - 0)*-5*-1. Let a(u) = 6*u**3 - u - 2. Let t(c) = 13*c**3 - 2*c - 5. Let x(v) = h*a(v) + 2*t(v). Let r be x(1). Calculate y(r).
0
Let x(c) = 11*c**2 + 3*c**3 - 11 - 4*c**3 + 2*c - 2 - 2. Calculate x(11).
7
Let d(x) = -x**3 - 9*x**2 + x + 6. Suppose 15 = 3*s, -s - 31 = 12*f - 8*f. What is d(f)?
-3
Let c(t) = 61 - 3*t + 3*t**2 - 33 - 2*t**3 - 29 - 6*t**2. Calculate c(-2).
9
Let k(w) be the third derivative of 1/24*w**4 + 0*w + 6*w**2 + 1/6*w**3 + 0. What is k(-4)?
-3
Let f(o) = -2082 + 1041 - 2*o + 3*o + 1049. Calculate f(-6).
2
Let w = -10 + 13. Let f(d) = -14*d + 2. Let q(r) = 7*r - 1. Let j(k) = -3*f(k) - 5*q(k). What is j(w)?
20
Let p(a) = 12*a**2 - 1 + 34*a + 2 - 59*a + 27*a. Give p(-1).
11
Let l(c) = 143*c - 14*c**3 - 5 + 15*c**3 - 7*c**2 - 154*c. What is l(8)?
-29
Let c(j) = 2*j - 57. Let p be c(30). Let l(d) be the second derivative of -d - 1/2*d**2 + 11/6*d**p + 0. What is l(1)?
10
Let a(t) = t**2 + 12*t + 10. Let n(j) = j**3 - 10*j**2 - j - 1. Let h be n(10). Calculate a(h).
-1
Let o = -301/6 - -152/3. Let p(d) be the second derivative of 3*d - 1/6*d**4 - 1/3*d**3 + o*d**2 + 0 + 1/10*d**5. What is p(2)?
5
Let m(f) = f - 1. Let q(j) = -j + 1. Let b(z) = -2*m(z) - 4*q(z). Let d(k) = -36*k - 39*k + 73*k + 17. Let o be d(10). Give b(o).
-8
Let k(l) = -5 - 2 + 17 - 9. Let r(u) = 2*u. Let c(a) = -3*k(a) - r(a). Give c(6).
-15
Let l be (-4)/(-6) + 26/(-39). Suppose l*h = -h + 4. Let g(k) = -3*k + 5. What is g(h)?
-7
Let y be (-6)/(((-2)/((-4)/(-3)))/2). Suppose y*l = 3*l + 40. Let a(c) = c**2 - 6*c - 10. Calculate a(l).
6
Let m(u) = u**3 + 6*u**2 - 2*u - 12. Let c(a) = 5*a**2 + a + 1. Let q(w) = -2*c(w) - m(w). Give q(-16).
10
Let b be (18/(-12))/(3/(-4))*2. Suppose -2*f = 2*f + 12. Let u = f - b. Let c(v) = -2*v - 3. Determine c(u).
11
Let b(k) = -3*k - 4. Let j be b(-3). Let g(n) = -n**2 + 10*n - 5. Let a(x) = x**2 - 9*x + 4. Let w(i) = 3*a(i) + 2*g(i). Determine w(j).
-8
Let g(d) = d**3 - 7*d**2 + 7*d - 3. Let x be g(6). Let o(v) = v + 2 + 0 - x. Calculate o(-3).
-4
Let r(s) be the first derivative of -15 - 5/2*s**2 - 4/3*s**3 + 1/4*s**4 + 5*s. Calculate r(5).
5
Let q(a) = a**2 - 8*a - 7. Let c be q(9). Let z(n) = 4 - 3*n - 2*n - c*n + 8*n. Determine z(4).
8
Let b be 6 - ((-3)/(-3) - 0). Suppose 0*n - n - 16 = b*s, 5*s + 4 = n. Let h(r) = -r**3 - 6*r**2 + 6. Determine h(n).
6
Suppose 0 = -7*x - 897 + 197. Let q be (-21)/5 - x/(-125). Let g(w) = -w**3 - 6*w**2 - 2*w - 4. What is g(q)?
-19
Let z(p) = p**3 + p - 7 + 8 + 4*p**2 - 2*p**3. Let x be z(4). Let n(r) = 6*r**2 + 4*r**2 + x*r - 11*r**2. Give n(6).
-6
Let m(p) = -p**3 - 8*p**2 - 6*p - 5. Let d = -271 - -264. Determine m(d).
-12
Let y be (-9)/(-6)*8/(-6). Let k(v) be the second derivative of -v**5/40 - v**4/8 - v**3/2 - 2*v. Let i(q) be the second derivative of k(q). Give i(y).
3
Let n(v) be the second derivative of -v**5/20 + v**4/6 - 2*v**3/3 + 3*v**2/2 - v. Let d = -2 - -9. Suppose 1 = -2*y - l + d, -2 = -l. What is n(y)?
-5
Let y(a) = a**3 - 2 + 6 + 3*a - 5*a**2 + 0*a**3. Let o(t) = -5*t**2 - 27*t - 6. Let j be o(-5). Determine y(j).
0
Suppose 3 = 5*s - 12. Suppose -4*m + 2*q + 20 = -4, -s*m + q = -20. Let k(b) = -3 + b**2 + b**3 - 4*b**2 + 5*b + m*b**2. Determine k(-4).
-7
Let t(u) = -9*u**2 + 8*u + 8. Let c be 0 - 2 - 1 - 4. Let h(m) = 5*m**2 - 4*m - 4. Let l(n) = c*h(n) - 4*t(n). Determine l(5).
1
Suppose 9 = -3*s - 0, 0 = -2*r + 2*s + 6. Let l = 0 - 1. Let n = r - l. Let h(q) = -13*q**2 - 2*q + 1. What is h(n)?
-14
Let d(z) = 2*z - 1. Suppose -6 = r + 3. Let g = r - -12. Let j(m) = 2*m - 1. Let w be j(g). Give d(w).
9
Let j(h) = h**2 - 4*h - 2. Let g = -151 - -158. Calculate j(g).
19
Suppose -2*n + 13 + 25 = 0. Let p(q) = n + q**2 - 9 - 3*q - 8. Let v = 14 - 9. Give p(v).
12
Let j(l) = l**3 - 9*l**2 + 9*l + 10. Let x(c) = -10*c - 373. Let z be x(-38). Calculate j(z).
-25
Let b(x) = -x**3 + 6*x**2 - x + 8. Suppose -4*f + 16 = 0, 0 = -g - 3*g + 4*f + 4. Suppose 2*u = -g*h + 34, 0 = 4*h + u - 19 - 7. Give b(h).
2
Let n = -38 + 43. Let i = 11 - 13. Let s be -8 - (-4 + n)*i. Let g(o) = -o - 10. What is g(s)?
-4
Let x(f) = 3*f**2 + 3*f + 3. Let a(o) = -5*o**2 - o - 2. Let q be a(0). Give x(q).
9
Let y(b) = b**3 + 3*b**2 - 2*b + 4. Suppose g + 20 = 16. Calculate y(g).
-4
Suppose 2*j = 2*v + 30, -4*v - 24 = -v + 4*j. Let f be (v/10)/((-18)/(-60)). Let m(p) be the first derivative of -p**4/4 - 4*p**3/3 - p**2/2 - 2. Give m(f).
4
Let y(v) = 77*v - 162*v + 81*v. What is y(1)?
-4
Let o(k) = -6 - 3 + 21 - 11 + 10*k**2 + 3*k + k**3. Let x(r) = 2*r**3 + 19*r**2 + 6*r + 1. Let i(t) = -5*o(t) + 3*x(t). What is i(-7)?
-23
Let b(s) be the first derivative of 5*s**4/4 - 2*s**3/3 + s - 15. Suppose k + 4 = 4*v - 2, 0 = 3*v - 6. Suppose -4 = -k*a + 6*a. Give b(a).
-6
Let h(k) = 40*k - 14. Let s(y) = 31*y - 13. Let w(b) = 3*h(b) - 4*s(b). Calculate w(4).
-6
Let b(o) = -o**2 - 20*o - 35. Let x be b(-13). Let i(y) = y**2 + 60 - 6*y - 120 + x. Let c = 10 + -4. Determine i(c).
-4
Suppose -10*o + o + 9 = 0. Let b(p) = -o - 2 + 2 + p**3 - 6*p**2 - 5. Let x = 19 - 13. Determine b(x).
-6
Suppose 5*y = 5*p + 25, -p + 4*p + 5 = -2*y. Suppose 3*w - 2*k = 3*k - 2, y*k = -2*w + 20. Let z(c) = -2*c**2 + 8*c + 6. Give z(w).
-18
Suppose -2*z = 2*z + n + 42, 4*z = -2*n - 44. Let i(s) = -s**2 - 10*s + 7. What is i(z)?
7
Let o(x) be the second derivative of -x**6/120 - 7*x**5/60 - 5*x**4/24 + 5*x**3/6 + 7*x**2/2 + 12*x. Let r(n) be the first derivative of o(n). What is r(-6)?
-1
Let o(z) = -73*z + 1 + 149*z - 70*z. Let i(x) = 2*x**3 + x**2. Suppose 0*t - 11 = -t - 3*n, -3*t + 1 = n. Let p be i(t). Give o(p).
-5
Let u(o) = -o**2 + o - 1. Let y(j) = j**3 - 7*j**2 - j - 3. Let h(f) = 2*u(f) - y(f). Determine h(5).
16
Let l(x) = -11*x**2 + 14*x + 7. Let j(y) = 9*y**2 - 12*y - 7. Let r(p) = -5*j(p) - 4*l(p). What is r(6)?
-5
Suppose -249*t + 245*t + 52 = -j, 2*j = -8. Let u(a) = 2*a**2 - 23*a - 11. What is u(t)?
1
Let i = 1 + -5. Let x(z) be the third derivative of -z**4/4 - z**3/6 - 8*z**2. Let f(y) = 5*y + 1. Let b(o) = -4*f(o) - 3*x(o). Determine b(i).
7
Let o(p) = -p**2 + 3*p. Let v be o(4). Let m(y) = 2*y**2 + 2*y - 2. Let b(u) = u**2 + 4*u + 4. Let f(j) = b(j) - m(j). Give f(v).
-18
Let x(k) be the third derivative of -k**5/60 + 13*k**4/24 + k**3/6 - 5*k**2 + 4*k. Determine x(13).
1
Let u be 4 + 0 + 5/(-5). Let y(q) = -1 - 4 + 3*q + u*q**2 + q**2 + q**3. Give y(-4).
-17
Let v(k) = -8 - 95*k + 11 + 7 + 97*k - k**2. Give v(5).
-5
Let b be 6/1 - (-165)/(-11). Let o(w) be the third derivative of w**6/120 + 2*w**5/15 - w**4/3 + 5*w**3/6 + 6*w**2. Determine o(b).
-4
Let z(o) = -o + 9. Let a be z(7). Let t(r) = -r**3 - 4 - 7*r - 5*r**a + 7 - 16*r + 18*r. What is t(-4)?
7
Suppose 5*j = -j + 156. Suppose 16 = -24*p + j*p. Let z(t) = 